v - 2. Give b(4).
-78
Let k(g) = 14*g**2 + 71*g + 12. Give k(-5).
7
Let x(d) = d**2 - 20*d + 9. Determine x(15).
-66
Let h(z) = -4*z - 16. What is h(-14)?
40
Let a(c) = c**3 - 7*c**2 - 12*c + 22. Determine a(8).
-10
Let k(d) = d**2 - 2*d - 92. Calculate k(0).
-92
Let h(s) = 2*s. What is h(1)?
2
Let o(c) = -c**2 + 9*c + 11. Calculate o(11).
-11
Let o(i) = -3*i - 5. Determine o(-5).
10
Let y(g) = g + 4. Determine y(5).
9
Let o(l) = 5*l**2 - 28*l - 12. Give o(6).
0
Let c(x) = 2*x**3 + 19*x**2 + 9*x - 4. Determine c(-9).
-4
Let j(m) = 9*m - 359. What is j(39)?
-8
Let l(y) = 5*y - 41. Determine l(9).
4
Let u(h) = 4*h - 5. Give u(2).
3
Let m(w) = -w**3 - w**2 - 5. Calculate m(-2).
-1
Let p(a) = -2*a**3 + 4*a**2 + 4. Give p(3).
-14
Let z(c) = -5*c - 46. Give z(-11).
9
Let f(p) = -115*p + 677. Calculate f(6).
-13
Let i(j) = j**3 + 4*j - 6. Give i(0).
-6
Let n(t) = -t**3 - 3*t**2 + 14*t - 17. Give n(-6).
7
Let x(r) = r**3 - r**2 - 3*r + 7. Determine x(3).
16
Let q(t) = 18*t + 264. Calculate q(-15).
-6
Let d(b) = b**3 - 16*b**2 + 4*b - 66. Give d(16).
-2
Let a(j) = -j**3 + 9*j**2 + 39*j - 30. Give a(12).
6
Let p(q) = 5*q - 15. Calculate p(10).
35
Let g(h) = -h**2 - 7*h + 18. Calculate g(-8).
10
Let y(z) = z**3 + 8*z**2 - z + 4. Determine y(-7).
60
Let o(w) = 2*w**3 - 22*w**2 - 22*w - 30. Calculate o(12).
-6
Let i(k) = -21*k - 329. What is i(-15)?
-14
Let t(z) = 2*z**3 + z**2 - 8*z - 6. Determine t(-5).
-191
Let w(r) = -3*r**2 - r - 3. What is w(-3)?
-27
Let j(c) = 2*c**3 - 4*c**2 + 2*c - 4. Give j(3).
20
Let h(a) = a**2 - 9*a + 14. Give h(6).
-4
Let l(g) = -g**2 + 24*g + 61. Calculate l(26).
9
Let r(i) = -i**2 - 8*i. Give r(-8).
0
Let f(w) = -2*w**2 + 12*w - 1. What is f(5)?
9
Let r(l) = l**2 - l - 25. What is r(6)?
5
Let p(a) = -3*a**2 - 25*a - 4. Calculate p(-8).
4
Let u(b) = b**3 + 2*b**2 - 2*b + 3. What is u(-2)?
7
Let p(n) = -14*n**2 - 2*n - 2. Calculate p(-1).
-14
Let k(v) = v**2 + v + 1. Give k(-3).
7
Let s(w) = 209*w - 839. What is s(4)?
-3
Let o(x) = -52*x + 18. Give o(2).
-86
Let t(r) = -2*r**2 + 7*r - 4. Determine t(5).
-19
Let y(k) = 2*k**2 + 16*k - 3. Determine y(-4).
-35
Let i(p) = -13*p + 40. What is i(-2)?
66
Let y(x) = 3*x**3 + 101*x**2 + 67*x + 31. Give y(-33).
-2
Let i(c) = -c**2 - 23*c - 32. Determine i(-22).
-10
Let t(b) = 3*b**2 + 5*b + 6. Determine t(-3).
18
Let o(j) = -j**2 + 11*j + 21. Determine o(15).
-39
Let w(q) = -3*q**2 - 10*q + 17. Give w(2).
-15
Let m(l) = -2*l. What is m(0)?
0
Let a(c) = -c**3 - 8*c**2 - 11*c - 13. What is a(-7)?
15
Let b(d) = -d**2 + 17*d - 11. Determine b(13).
41
Let m(v) = 9*v**3 + 1. Calculate m(1).
10
Let h(w) = 11*w**3 + w**2 + w - 2. Give h(1).
11
Let u(s) = -s**3 + 10*s**2 + 9*s - 8. Give u(11).
-30
Let l(c) = c**2 - 10*c + 14. Calculate l(7).
-7
Let f(c) = c**2 - 13*c - 12. Determine f(14).
2
Let g(i) = -i**3 + 11*i**2 - 28*i + 10. What is g(5)?
20
Let n(z) = -z**3 + 13*z**2 - 2*z + 14. Determine n(13).
-12
Let y(s) = s**3 - 14*s**2 - 34*s + 8. Determine y(16).
-24
Let u(j) = -7*j - 19. Calculate u(-12).
65
Let m(k) = -k**2 - 7*k + 11. Determine m(-6).
17
Let w(f) = -3*f**2 - 5*f - 5. Calculate w(-2).
-7
Let s(t) = t + 2. Calculate s(-6).
-4
Let b(j) = 57*j**3 - j**2 - j + 2. Determine b(1).
57
Let o(j) = -2*j - 2. Give o(-11).
20
Let y(i) = i**3 + 7*i**2 + i + 2. What is y(-7)?
-5
Let q(n) = 7*n**2 - 2. Calculate q(-2).
26
Let j(z) = -z**3 + 6*z - 1. Determine j(4).
-41
Let d(k) = 25*k**3 + k**2 + k + 1. What is d(-1)?
-24
Let n(v) = -v**3 + 15*v**2 - 16*v + 32. Give n(14).
4
Let a(d) = -22*d**3 - 2*d**2 + 1. Determine a(1).
-23
Let n(r) = -9*r - 8. What is n(7)?
-71
Let w(v) = -v**2 + 2*v + 2. What is w(-3)?
-13
Let j(p) = -6*p - 37. Calculate j(-5).
-7
Let q(z) = 4*z**3 - 80*z**2 - 4*z + 8. Give q(20).
-72
Let d(t) = 70*t - 625. Calculate d(9).
5
Let r(f) = -8*f - 5. Determine r(2).
-21
Let t(l) = -8*l + 10. Give t(6).
-38
Let z(d) = -d**3 + 5*d**2 - 1. Calculate z(5).
-1
Let h(y) = y**3 + 3*y**2 - 14*y + 5. What is h(-6)?
-19
Let a(x) = x - 24. Calculate a(0).
-24
Let i(s) = 27*s**2 - 1. What is i(-1)?
26
Let n(b) = -b**2 - 6*b + 13. Calculate n(-9).
-14
Let a(i) = i**3 + 5*i**2 - 5*i + 1. Give a(2).
19
Let p(i) = i**3 - 8*i**2 - 7*i + 8. Give p(9).
26
Let z(a) = -6*a**2 + 2*a. Give z(2).
-20
Let o(h) = 3*h - 5. Give o(2).
1
Let b(p) = -2*p**2 + 15*p - 21. What is b(4)?
7
Let k(r) = -11*r**2 - 4*r - 2. Determine k(-4).
-162
Let m(p) = 3*p - 54. Determine m(14).
-12
Let p(y) = -9*y + 3. Determine p(6).
-51
Let b(q) = -6*q + 9. Determine b(3).
-9
Let r(l) = -l**2 + 11. Determine r(5).
-14
Let l(j) = -9*j - 15. Calculate l(-3).
12
Let z(c) = -6*c**2 + 315*c - 148. Give z(52).
8
Let j(g) = 4*g - 66. Determine j(15).
-6
Let a(w) = w**3 + 8*w**2 + w + 19. Give a(-8).
11
Let z(w) = -w + 11. Determine z(14).
-3
Let q(b) = 9*b**2 + b - 4. Determine q(-2).
30
Let d(v) = 6*v**2 + 196*v - 75. Determine d(-33).
-9
Let d(n) = -3*n**2 + 92*n + 30. Calculate d(31).
-1
Let l(k) = -2*k**2 - 81*k - 27. Give l(-40).
13
Let a(b) = -b**2 + 7*b - 1. Calculate a(5).
9
Let g(h) = -h**2 + 29. Calculate g(7).
-20
Let s(k) = k**3 + 35*k**2 - k - 34. What is s(-35)?
1
Let k(h) = -2*h**2 + 10*h - 27. Calculate k(8).
-75
Let t(j) = j**2 - j + 10. What is t(0)?
10
Let u(w) = -w**2 + 8*w - 16. Give u(6).
-4
Let i(y) = y**2 + 6*y. Determine i(-5).
-5
Let s(n) = 4*n - 85. Determine s(10).
-45
Let r(m) = -m**2 + 15*m + 19. Calculate r(17).
-15
Let p(d) = 8*d - 31. Calculate p(7).
25
Let j(d) = 4*d**2 - d - 2. Calculate j(-1).
3
Let l(b) = -9*b + 1. What is l(1)?
-8
Let y(j) = -j**3 + j**2 + 2*j + 2. Calculate y(-4).
74
Let y(l) = l**2 - 15*l + 36. What is y(11)?
-8
Let m(s) = -s**3 - 3*s**2 - 4*s - 5. What is m(-3)?
7
Let z(m) = m**2 - 10*m - 102. Calculate z(16).
-6
Let j(o) = o**2 - 16*o - 36. Calculate j(18).
0
Let p(u) = 5*u**3 + 3*u**2 + 3*u + 2. Calculate p(-2).
-32
Let a(f) = f**3 - 14*f**2 + 11*f + 16. Determine a(13).
-10
Let z(t) = -2*t**2 - 24*t - 22. Give z(-11).
0
Let g(i) = i**3 - 5*i**2 + 4*i - 25. Calculate g(5).
-5
Let i(k) = 4*k**2 + 2*k - 7. Calculate i(-4).
49
Let q(w) = 2*w + 48. Determine q(-21).
6
Let y(o) = -2*o**3 - 13*o**2 + 8*o + 5. Calculate y(-7).
-2
Let z(u) = -u**2 - 7*u + 9. Calculate z(-8).
1
Let i(d) = d**2 + 31*d + 148. Calculate i(-6).
-2
Let f(t) = -t**3 + t**2 + 14*t + 3. Calculate f(5).
-27
Let z(r) = r**2 + 24*r + 76. What is z(-20)?
-4
Let u(o) = -20*o - 91. Determine u(-5).
9
Let g(q) = -q**3 + 7*q**2 + 5*q - 12. Give g(6).
54
Let o(k) = -k**2 - 7*k + 4. Give o(-5).
14
Let j(i) = 15*i**2 + 4*i - 2. Determine j(1).
17
Let w(q) = -41*q - 48. Calculate w(-1).
-7
Let q(g) = -99*g - 397. Calculate q(-4).
-1
Let b(x) = x - 6. Give b(-6).
-12
Let w(f) = -10*f - 2. Calculate w(1).
-12
Let v(k) = -30*k + 8. Give v(1).
-22
Let c(d) = -3*d - 91. What is c(-28)?
-7
Let n(x) = -x**3 + 8*x**2 + 7*x - 7. What is n(8)?
49
Let p(z) = 2*z + 44. Give p(-21).
2
Let z(o) = 2*o**2 - 4*o - 5. What is z(0)?
-5
Let f(l) = l**3 + 9*l**2 - 4*l + 4. Determine f(-9).
40
Let m(h) = -h**3 - 4*h**2 + 4*h - 2. Give m(3).
-53
Let k(r) = 45*r + 269. Calculate k(-6).
-1
Let i(x) = x**2 + 53*x + 51. Calculate i(-52).
-1
Let k(q) = -q**3 + 8*q**2 - 8*q + 14. Give k(7).
7
Let c(v) = -v**2 + 15*v - 19. Determine c(14).
-5
Let u(v) = 2*v + 3. Give u(0).
3
Let h(a) = -a**3 - 3*a**2 + 14*a - 16. What is h(-5)?
-36
Let t(w) = -76*w + 25. Give t(2).
-127
Let o(q) = 23*q + 76. Give o(-3).
7
Let x(l) = -4*l - 2. What is x(-5)?
18
Let h(r) = -2*r**2 - 29*r - 17. What is h(-14)?
-3
Let g(x) = 2*x**2 - 4*x - 8. Determine g(-4).
40
Let q(m) = -m**2 + 2*m - 6. What is q(5)?
-21
Let w(c) = c**3 + 34*c**2 + 64*c - 7. What is w(-32)?
-7
Let o(n) = -n**2 - 5*n - 17. Calculate o(-7).
-31
Let h(g) = -g**3 - 19*g - 43. Determine h(-2).
3
Let z(i) = -3*i**2 - i + 1. What is z(2)?
-13
Let o(v) = -15*v**3 + 3*v**2 + 2*v. Calculate o(-2).
128
Let j(x) = x**2 + x + 76. Give j(0).
76
Let r(k) = k + 37. What is r(-6)?
31
Let x(u) = -3*u + 4. Give x(5).
-11
Let r(b) = b**3 + 4*b**2 - 4*b + 3. What is r(-5)?
-2
Let r(t) = -2*t**3 + 6*t**2 - 6*t + 9. What is r(4)?
-47
Let x(h) = -14*h**2 - 127*h - 18. Calculate x(-9).
-9
Let d(t) = t**3 - 6*t**2 - 17*t + 14. Give d(8).
6
Let p(f) = 2*f + 4. Determine p(14).
32
Let r(d) = -d**3 - 3*d**2 + 10*d + 5. 